{"id":1293,"date":"2017-01-06T00:35:39","date_gmt":"2017-01-05T23:35:39","guid":{"rendered":"http:\/\/v-tac.sk\/?product=led-pasik-3528-120-modry-vodotesny"},"modified":"2017-03-14T21:01:10","modified_gmt":"2017-03-14T20:01:10","slug":"led-pasik-3528-120-modry-vodotesny","status":"publish","type":"product","link":"https:\/\/v-tac.sk\/?product=led-pasik-3528-120-modry-vodotesny","title":{"rendered":"LED p\u00e1sik 3528 &#8211; 120 modr\u00fd vodotesn\u00fd"},"content":{"rendered":"<p>Technick\u00e9 parametre:<\/p>\n<p> Pr\u00edkon: 9.6W<br \/>\nLED Typ: 3528<br \/>\nLED Mno\u017estvo: 120<br \/>\nLm \/ LED: 3: 4<br \/>\nFarba svetla: modr\u00e1<br \/>\nVodotesn\u00e9: ANO<br \/>\n\u0160\u00edrka: 8 mm<\/p>\n","protected":false},"excerpt":{"rendered":"<p>Technick\u00e9 parametre:<\/p>\n<p> Pr\u00edkon: 9.6W<br \/>\nLED Typ: 3528<br \/>\nLED Mno\u017estvo: 120<br \/>\nLm \/ LED: 3: 4<br \/>\nFarba svetla: modr\u00e1<br \/>\nVodotesn\u00e9: ANO<br \/>\n\u0160\u00edrka: 8 mm<\/p>\n","protected":false},"featured_media":1294,"comment_status":"open","ping_status":"open","template":"","meta":[],"product_brand":[],"product_cat":[6],"product_tag":[7],"class_list":{"0":"post-1293","1":"product","2":"type-product","3":"status-publish","4":"has-post-thumbnail","6":"product_cat-led-pasiky","7":"product_tag-v-tac","8":"clearfix","10":"first","11":"instock","12":"featured","13":"purchasable","14":"product-type-simple"},"_links":{"self":[{"href":"https:\/\/v-tac.sk\/index.php?rest_route=\/wp\/v2\/product\/1293","targetHints":{"allow":["GET"]}}],"collection":[{"href":"https:\/\/v-tac.sk\/index.php?rest_route=\/wp\/v2\/product"}],"about":[{"href":"https:\/\/v-tac.sk\/index.php?rest_route=\/wp\/v2\/types\/product"}],"replies":[{"embeddable":true,"href":"https:\/\/v-tac.sk\/index.php?rest_route=%2Fwp%2Fv2%2Fcomments&post=1293"}],"wp:featuredmedia":[{"embeddable":true,"href":"https:\/\/v-tac.sk\/index.php?rest_route=\/wp\/v2\/media\/1294"}],"wp:attachment":[{"href":"https:\/\/v-tac.sk\/index.php?rest_route=%2Fwp%2Fv2%2Fmedia&parent=1293"}],"wp:term":[{"taxonomy":"product_brand","embeddable":true,"href":"https:\/\/v-tac.sk\/index.php?rest_route=%2Fwp%2Fv2%2Fproduct_brand&post=1293"},{"taxonomy":"product_cat","embeddable":true,"href":"https:\/\/v-tac.sk\/index.php?rest_route=%2Fwp%2Fv2%2Fproduct_cat&post=1293"},{"taxonomy":"product_tag","embeddable":true,"href":"https:\/\/v-tac.sk\/index.php?rest_route=%2Fwp%2Fv2%2Fproduct_tag&post=1293"}],"curies":[{"name":"wp","href":"https:\/\/api.w.org\/{rel}","templated":true}]}}