{"id":1323,"date":"2017-01-06T00:35:53","date_gmt":"2017-01-05T23:35:53","guid":{"rendered":"http:\/\/v-tac.sk\/?product=led-pasik-5050-60-zeleny"},"modified":"2017-03-14T21:01:06","modified_gmt":"2017-03-14T20:01:06","slug":"led-pasik-5050-60-zeleny","status":"publish","type":"product","link":"https:\/\/v-tac.sk\/?product=led-pasik-5050-60-zeleny","title":{"rendered":"LED p\u00e1sik 5050 &#8211; 60 zelen\u00fd"},"content":{"rendered":"<p>Technick\u00e9 parametre:<\/p>\n<p>Pr\u00edkon: 14,4 W<br \/>\nLED Typ: 5050<br \/>\nLED Mno\u017estvo: 60<br \/>\nLm \/ LED: 12<br \/>\nFarba svetla: zelen\u00e1<br \/>\nVodotesn\u00e9: NIE<br \/>\n\u0160\u00edrka: 10 mm<\/p>\n","protected":false},"excerpt":{"rendered":"<p>Technick\u00e9 parametre:<\/p>\n<p>Pr\u00edkon: 14,4 W<br \/>\nLED Typ: 5050<br \/>\nLED Mno\u017estvo: 60<br \/>\nLm \/ LED: 12<br \/>\nFarba svetla: zelen\u00e1<br \/>\nVodotesn\u00e9: NIE<br \/>\n\u0160\u00edrka: 10 mm<\/p>\n","protected":false},"featured_media":1324,"comment_status":"open","ping_status":"open","template":"","meta":[],"product_brand":[],"product_cat":[6],"product_tag":[7],"class_list":{"0":"post-1323","1":"product","2":"type-product","3":"status-publish","4":"has-post-thumbnail","6":"product_cat-led-pasiky","7":"product_tag-v-tac","8":"clearfix","10":"first","11":"instock","12":"featured","13":"purchasable","14":"product-type-simple"},"_links":{"self":[{"href":"https:\/\/v-tac.sk\/index.php?rest_route=\/wp\/v2\/product\/1323","targetHints":{"allow":["GET"]}}],"collection":[{"href":"https:\/\/v-tac.sk\/index.php?rest_route=\/wp\/v2\/product"}],"about":[{"href":"https:\/\/v-tac.sk\/index.php?rest_route=\/wp\/v2\/types\/product"}],"replies":[{"embeddable":true,"href":"https:\/\/v-tac.sk\/index.php?rest_route=%2Fwp%2Fv2%2Fcomments&post=1323"}],"wp:featuredmedia":[{"embeddable":true,"href":"https:\/\/v-tac.sk\/index.php?rest_route=\/wp\/v2\/media\/1324"}],"wp:attachment":[{"href":"https:\/\/v-tac.sk\/index.php?rest_route=%2Fwp%2Fv2%2Fmedia&parent=1323"}],"wp:term":[{"taxonomy":"product_brand","embeddable":true,"href":"https:\/\/v-tac.sk\/index.php?rest_route=%2Fwp%2Fv2%2Fproduct_brand&post=1323"},{"taxonomy":"product_cat","embeddable":true,"href":"https:\/\/v-tac.sk\/index.php?rest_route=%2Fwp%2Fv2%2Fproduct_cat&post=1323"},{"taxonomy":"product_tag","embeddable":true,"href":"https:\/\/v-tac.sk\/index.php?rest_route=%2Fwp%2Fv2%2Fproduct_tag&post=1323"}],"curies":[{"name":"wp","href":"https:\/\/api.w.org\/{rel}","templated":true}]}}