{"id":1834,"date":"2017-01-06T00:39:04","date_gmt":"2017-01-05T23:39:04","guid":{"rendered":"http:\/\/v-tac.sk\/?product=1w-led-bodove-svetlo-square-dekoracia-biela"},"modified":"2017-03-14T20:59:27","modified_gmt":"2017-03-14T19:59:27","slug":"1w-led-bodove-svetlo-square-dekoracia-biela","status":"publish","type":"product","link":"https:\/\/v-tac.sk\/?product=1w-led-bodove-svetlo-square-dekoracia-biela","title":{"rendered":"Svietidlo LED 12W, 3000-4500-6000K, 840lm, 120\u00b0, Al &#8211; biela, O160mm, VT-1206G RD (V-TAC)"},"content":{"rendered":"<div class=\"basic001\">\n<div class=\"content\">\n<div id=\"sjm-d-71341\">\n<div class=\"ShopContent\">\n<div class=\"ShopProductView\">\n<div class=\"Product\">\n<div class=\"panes\">\n<div class=\"pane DetailDescription\">\n<h2><\/h2>\n<div id=\"productparams\"><\/div>\n<p class=\"smalldesc\">Nobsahuje dia\u013ekov\u00e9 ovl\u00e1danie: objedn\u00e1vkov\u00e9 \u010d\u00edslo pre DO vc_8066<\/p>\n<p>Popis<br \/>\nPr\u00edkon: 12W<br \/>\nNap\u00e4tie: 220V<br \/>\nVy\u017earovac\u00ed uhol: 120 \u00b0<br \/>\nSveteln\u00fd tok: 1020 lm<br \/>\nFarba svetla: 3000K \/ 4500K \/ 6000K<br \/>\nRozmery:<br \/>\nPriemer &#8211; 160 mm<br \/>\nV\u00fd\u0161ka &#8211; 35 mm<br \/>\nMont\u00e1\u017eny priemer: 120 mm<\/p>\n<p>Nobsahuje dia\u013ekov\u00e9 ovl\u00e1danie: objedn\u00e1vkov\u00e9 \u010d\u00edslo pre DO vc_8066<\/p>\n<div class=\"clear\"><\/div>\n<\/div>\n<\/div>\n<div class=\"clear\"><\/div>\n<\/div>\n<\/div>\n<\/div>\n<\/div>\n<\/div>\n<\/div>\n<div class=\"base-modulebox\">\n<div class=\"base-modulebox-content\">\n<div id=\"sjm-d-86162\"><iframe loading=\"lazy\" src=\"https:\/\/www.youtube.com\/embed\/vTzAGgOhjLU\" width=\"560\" height=\"315\" frameborder=\"0\" allowfullscreen=\"allowfullscreen\"><\/iframe><\/div>\n<\/div>\n<\/div>\n","protected":false},"excerpt":{"rendered":"<p>Technick\u00e9 parametre:<\/p>\n<p>Pr\u00edkon: 1W<br \/>\nNap\u00e4tie: 220V<br \/>\nVy\u017earovac\u00ed uhol: 150 \u00b0<br \/>\nSveteln\u00fd tok: 90 lm \/ W<br \/>\nFarba svetla: Biela<br \/>\nRozmery:<br \/>\nD\u013a\u017eka &#8211; 45 mm<br \/>\n\u0160\u00edrka &#8211; 45 mm<br \/>\nV\u00fd\u0161ka &#8211; 40 mm<br \/>\nMont\u00e1\u017eny priemer: 35 mm<\/p>\n","protected":false},"featured_media":2772,"comment_status":"open","ping_status":"closed","template":"","meta":[],"product_brand":[],"product_cat":[14],"product_tag":[7],"class_list":{"0":"post-1834","1":"product","2":"type-product","3":"status-publish","4":"has-post-thumbnail","6":"product_cat-led-bodove-svetla","7":"product_tag-v-tac","8":"clearfix","10":"first","11":"instock","12":"featured","13":"purchasable","14":"product-type-simple"},"_links":{"self":[{"href":"https:\/\/v-tac.sk\/index.php?rest_route=\/wp\/v2\/product\/1834","targetHints":{"allow":["GET"]}}],"collection":[{"href":"https:\/\/v-tac.sk\/index.php?rest_route=\/wp\/v2\/product"}],"about":[{"href":"https:\/\/v-tac.sk\/index.php?rest_route=\/wp\/v2\/types\/product"}],"replies":[{"embeddable":true,"href":"https:\/\/v-tac.sk\/index.php?rest_route=%2Fwp%2Fv2%2Fcomments&post=1834"}],"wp:featuredmedia":[{"embeddable":true,"href":"https:\/\/v-tac.sk\/index.php?rest_route=\/wp\/v2\/media\/2772"}],"wp:attachment":[{"href":"https:\/\/v-tac.sk\/index.php?rest_route=%2Fwp%2Fv2%2Fmedia&parent=1834"}],"wp:term":[{"taxonomy":"product_brand","embeddable":true,"href":"https:\/\/v-tac.sk\/index.php?rest_route=%2Fwp%2Fv2%2Fproduct_brand&post=1834"},{"taxonomy":"product_cat","embeddable":true,"href":"https:\/\/v-tac.sk\/index.php?rest_route=%2Fwp%2Fv2%2Fproduct_cat&post=1834"},{"taxonomy":"product_tag","embeddable":true,"href":"https:\/\/v-tac.sk\/index.php?rest_route=%2Fwp%2Fv2%2Fproduct_tag&post=1834"}],"curies":[{"name":"wp","href":"https:\/\/api.w.org\/{rel}","templated":true}]}}