{"id":1892,"date":"2017-01-06T00:39:17","date_gmt":"2017-01-05T23:39:17","guid":{"rendered":"http:\/\/v-tac.sk\/?product=15w-led-bodove-svetlo-kruh-tepla-biela"},"modified":"2017-03-14T20:59:26","modified_gmt":"2017-03-14T19:59:26","slug":"15w-led-bodove-svetlo-kruh-tepla-biela","status":"publish","type":"product","link":"https:\/\/v-tac.sk\/?product=15w-led-bodove-svetlo-kruh-tepla-biela","title":{"rendered":"15W LED bodov\u00e9 svetlo &#8211; kruh tepl\u00e1 biela"},"content":{"rendered":"<p>Technick\u00e9 parametre:<\/p>\n<p>Pr\u00edkon: 15W<br \/>\nNap\u00e4tie: 220V<br \/>\nVy\u017earovac\u00ed uhol: 45 \u00b0<br \/>\nSveteln\u00fd tok: 90 lm \/ W<br \/>\nFarba svetla: tepl\u00e1 biela<br \/>\nVlastnosti: Nastavite\u013en\u00fd<br \/>\nRozmery:<br \/>\nPriemer &#8211; 150 mm<br \/>\nV\u00fd\u0161ka &#8211; 60 mm<br \/>\nMont\u00e1\u017eny priemer &#8211; 125 mm<\/p>\n","protected":false},"excerpt":{"rendered":"<p>Technick\u00e9 parametre:<\/p>\n<p>Pr\u00edkon: 15W<br \/>\nNap\u00e4tie: 220V<br \/>\nVy\u017earovac\u00ed uhol: 45 \u00b0<br \/>\nSveteln\u00fd tok: 90 lm \/ W<br \/>\nFarba svetla: tepl\u00e1 biela<br \/>\nVlastnosti: Nastavite\u013en\u00fd<br \/>\nRozmery:<br \/>\nPriemer &#8211; 150 mm<br \/>\nV\u00fd\u0161ka &#8211; 60 mm<br \/>\nMont\u00e1\u017eny priemer &#8211; 125 mm<\/p>\n","protected":false},"featured_media":1893,"comment_status":"open","ping_status":"open","template":"","meta":[],"product_brand":[],"product_cat":[51],"product_tag":[7],"class_list":{"0":"post-1892","1":"product","2":"type-product","3":"status-publish","4":"has-post-thumbnail","6":"product_cat-uncategorized","7":"product_tag-v-tac","8":"clearfix","10":"first","11":"instock","12":"featured","13":"purchasable","14":"product-type-simple"},"_links":{"self":[{"href":"https:\/\/v-tac.sk\/index.php?rest_route=\/wp\/v2\/product\/1892","targetHints":{"allow":["GET"]}}],"collection":[{"href":"https:\/\/v-tac.sk\/index.php?rest_route=\/wp\/v2\/product"}],"about":[{"href":"https:\/\/v-tac.sk\/index.php?rest_route=\/wp\/v2\/types\/product"}],"replies":[{"embeddable":true,"href":"https:\/\/v-tac.sk\/index.php?rest_route=%2Fwp%2Fv2%2Fcomments&post=1892"}],"wp:featuredmedia":[{"embeddable":true,"href":"https:\/\/v-tac.sk\/index.php?rest_route=\/wp\/v2\/media\/1893"}],"wp:attachment":[{"href":"https:\/\/v-tac.sk\/index.php?rest_route=%2Fwp%2Fv2%2Fmedia&parent=1892"}],"wp:term":[{"taxonomy":"product_brand","embeddable":true,"href":"https:\/\/v-tac.sk\/index.php?rest_route=%2Fwp%2Fv2%2Fproduct_brand&post=1892"},{"taxonomy":"product_cat","embeddable":true,"href":"https:\/\/v-tac.sk\/index.php?rest_route=%2Fwp%2Fv2%2Fproduct_cat&post=1892"},{"taxonomy":"product_tag","embeddable":true,"href":"https:\/\/v-tac.sk\/index.php?rest_route=%2Fwp%2Fv2%2Fproduct_tag&post=1892"}],"curies":[{"name":"wp","href":"https:\/\/api.w.org\/{rel}","templated":true}]}}