{"id":1894,"date":"2017-01-06T00:39:17","date_gmt":"2017-01-05T23:39:17","guid":{"rendered":"http:\/\/v-tac.sk\/?product=18w-led-bodove-svetlo-kruh-biela"},"modified":"2017-03-14T20:59:26","modified_gmt":"2017-03-14T19:59:26","slug":"18w-led-bodove-svetlo-kruh-biela","status":"publish","type":"product","link":"https:\/\/v-tac.sk\/?product=18w-led-bodove-svetlo-kruh-biela","title":{"rendered":"Svietidlo LED 16W, 3000K, 1200lm, IP20, 110\u00b0, PC &#8211; biela, 600mm, VT-8011 (V-TAC"},"content":{"rendered":"<div class=\"basic001\">\n<div class=\"content\">\n<div id=\"sjm-d-71341\">\n<div class=\"ShopContent\">\n<div class=\"ShopProductView\">\n<div class=\"Product\">\n<div class=\"panes\">\n<div class=\"pane DetailDescription\">\n<h2><\/h2>\n<p>Technick\u00e9 \u00fadaje<\/p>\n<p>Pr\u00edkon 16W EQ Watts 40W Nap\u00e4tie \/ Frekvencia AC: 200-240 V, 50 \/ 60Hz Farba svetla Warm White Svetlo Teplota farieb 3000K Sveteln\u00fd tok 1200 lm LED Typ SMD CRI&gt; 80 PF&gt; 0.9 Uhol vy\u017earovania 110 \u00b0 Telov\u00fd Typ Plastic Telo Farba Biela \u017divotnos\u0165 20000 h Stmievate\u013en\u00e9 No Nastavite\u013en\u00fd \u017diadne<\/p>\n<div class=\"clear\"><\/div>\n<\/div>\n<\/div>\n<div class=\"clear\"><\/div>\n<\/div>\n<\/div>\n<\/div>\n<\/div>\n<\/div>\n<\/div>\n<div class=\"base-modulebox\">\n<div class=\"base-modulebox-content\">\n<div id=\"sjm-d-86162\"><iframe loading=\"lazy\" src=\"https:\/\/www.youtube.com\/embed\/vTzAGgOhjLU\" width=\"560\" height=\"315\" frameborder=\"0\" allowfullscreen=\"allowfullscreen\"><\/iframe><\/div>\n<\/div>\n<\/div>\n","protected":false},"excerpt":{"rendered":"<p>Technick\u00e9 \u00fadaje Pr\u00edkon 16W EQ Watts 40W Nap\u00e4tie \/ Frekvencia AC: 200-240 V, 50 \/ 60Hz Farba svetla Warm White Svetlo Teplota farieb 3000K Sveteln\u00fd tok 1200 lm LED Typ SMD CRI&gt; 80 PF&gt; 0.9 Uhol vy\u017earovania 110 \u00b0 Telov\u00fd Typ Plastic Telo Farba Biela \u017divotnos\u0165 20000 h Stmievate\u013en\u00e9 No Nastavite\u013en\u00fd \u017diadne<\/p>\n","protected":false},"featured_media":2793,"comment_status":"open","ping_status":"closed","template":"","meta":[],"product_brand":[],"product_cat":[14],"product_tag":[7],"class_list":{"0":"post-1894","1":"product","2":"type-product","3":"status-publish","4":"has-post-thumbnail","6":"product_cat-led-bodove-svetla","7":"product_tag-v-tac","8":"clearfix","10":"first","11":"instock","12":"featured","13":"purchasable","14":"product-type-simple"},"_links":{"self":[{"href":"https:\/\/v-tac.sk\/index.php?rest_route=\/wp\/v2\/product\/1894","targetHints":{"allow":["GET"]}}],"collection":[{"href":"https:\/\/v-tac.sk\/index.php?rest_route=\/wp\/v2\/product"}],"about":[{"href":"https:\/\/v-tac.sk\/index.php?rest_route=\/wp\/v2\/types\/product"}],"replies":[{"embeddable":true,"href":"https:\/\/v-tac.sk\/index.php?rest_route=%2Fwp%2Fv2%2Fcomments&post=1894"}],"wp:featuredmedia":[{"embeddable":true,"href":"https:\/\/v-tac.sk\/index.php?rest_route=\/wp\/v2\/media\/2793"}],"wp:attachment":[{"href":"https:\/\/v-tac.sk\/index.php?rest_route=%2Fwp%2Fv2%2Fmedia&parent=1894"}],"wp:term":[{"taxonomy":"product_brand","embeddable":true,"href":"https:\/\/v-tac.sk\/index.php?rest_route=%2Fwp%2Fv2%2Fproduct_brand&post=1894"},{"taxonomy":"product_cat","embeddable":true,"href":"https:\/\/v-tac.sk\/index.php?rest_route=%2Fwp%2Fv2%2Fproduct_cat&post=1894"},{"taxonomy":"product_tag","embeddable":true,"href":"https:\/\/v-tac.sk\/index.php?rest_route=%2Fwp%2Fv2%2Fproduct_tag&post=1894"}],"curies":[{"name":"wp","href":"https:\/\/api.w.org\/{rel}","templated":true}]}}