{"id":1966,"date":"2017-01-06T00:39:43","date_gmt":"2017-01-05T23:39:43","guid":{"rendered":"http:\/\/v-tac.sk\/?product=9w-bodove-svetlo-round-wh-ww"},"modified":"2017-03-14T20:59:15","modified_gmt":"2017-03-14T19:59:15","slug":"9w-bodove-svetlo-round-wh-ww","status":"publish","type":"product","link":"https:\/\/v-tac.sk\/?product=9w-bodove-svetlo-round-wh-ww","title":{"rendered":"Svietidlo LED 8W, 4500K, 430lm, IP20, 110\u00b0, Al &#8211; biela, O100mm, VT-888 RD (V-TAC)"},"content":{"rendered":"<div class=\"basic001\">\n<div class=\"content\">\n<div id=\"sjm-d-71341\">\n<div class=\"ShopContent\">\n<div class=\"ShopProductView\">\n<div class=\"Product\">\n<div class=\"panes\">\n<div class=\"pane DetailDescription\">\n<h2><\/h2>\n<div id=\"productparams\"><\/div>\n<p>\u0161pecifik\u00e1cia<br \/>\nV\u0161eobecn\u00e9 inform\u00e1cie<br \/>\nLED Type<br \/>\nSMD<br \/>\nD\u013a\u017eka \u017eivota<br \/>\n&gt; 20 000 hod\u00edn<br \/>\nElektrick\u00e9 \u00fadaje<br \/>\npr\u00edkon<br \/>\n8W<br \/>\nEQ. pr\u00edkon<br \/>\n35W<br \/>\nNap\u00e4tie<br \/>\nAC: 220-240<br \/>\nFrekvencia<br \/>\n50 \/ 60Hz<br \/>\nPower Factor<br \/>\n&gt; 0,9<br \/>\nSvetlo technick\u00e9 \u00fadaje<br \/>\nfarba<br \/>\nNatural White<br \/>\nfarebn\u00e1 teplota<br \/>\n4500K<br \/>\nsveteln\u00fd tok<br \/>\n430 lm<br \/>\nIndex podania farieb CRI<br \/>\n&gt; 80<br \/>\nuhol vy\u017earovania<br \/>\n110 \u00b0<br \/>\nKorbov\u00e1<br \/>\nMateri\u00e1l<br \/>\nhlin\u00edkov\u00fd odliatok<br \/>\ntvar<br \/>\nKolo<br \/>\ntelo Colour<br \/>\nbiela<br \/>\ntyp<br \/>\nTrimless<br \/>\nschopnosti<br \/>\nstmievate\u013en\u00e9<br \/>\nnie<br \/>\nIP Rating<br \/>\nIP20<br \/>\nPrev\u00e1dzkov\u00e1 teplota<br \/>\n-20 ~ 50 \u00b0 C<br \/>\n\u010cas za\u010d\u00edna o 100%<br \/>\n0,001 sec (instant on)<br \/>\nfarebn\u00e1 st\u00e1los\u0165<br \/>\n&lt;6<br \/>\nDeklarovan\u00e1 \u0161pi\u010dkov\u00e1 intenzita v kandel\u00e1ch (cd)<br \/>\n\/<br \/>\nOn \/ Off cyklov<br \/>\n15000<br \/>\nPracovn\u00e9 podmienky<br \/>\nNie je vhodn\u00e9 pre pou\u017eitie v extr\u00e9mnych podmienkach. Norm\u00e1lnych prev\u00e1dzkov\u00fdch podmienok je -20 \u00b0 + 45 \u00b0<br \/>\nRozmery<br \/>\n\u0161\u00edrka<br \/>\n27 mm<br \/>\npriemer<br \/>\n100 mm<br \/>\nProduct d\u00e1ta<br \/>\nobjedn\u00e1vac\u00ed k\u00f3d<br \/>\n4932<br \/>\nK\u00f3d produktu<br \/>\nVT-888<br \/>\nPolo\u017eky v balen\u00ed<br \/>\n1<br \/>\npolo\u017eka Objem<br \/>\n0,00228<br \/>\nobjem box<br \/>\n0,06069<br \/>\nEAN Code<br \/>\n3800157606486<\/p>\n<div class=\"clear\"><\/div>\n<\/div>\n<\/div>\n<div class=\"clear\"><\/div>\n<\/div>\n<\/div>\n<\/div>\n<\/div>\n<\/div>\n<\/div>\n<div class=\"base-modulebox\">\n<div class=\"base-modulebox-content\">\n<div id=\"sjm-d-86162\"><iframe loading=\"lazy\" src=\"https:\/\/www.youtube.com\/embed\/vTzAGgOhjLU\" width=\"560\" height=\"315\" frameborder=\"0\" allowfullscreen=\"allowfullscreen\"><\/iframe><\/div>\n<\/div>\n<\/div>\n","protected":false},"excerpt":{"rendered":"<p>\u0161pecifik\u00e1cia V\u0161eobecn\u00e9 inform\u00e1cie LED Type SMD D\u013a\u017eka \u017eivota &gt; 20 000 hod\u00edn Elektrick\u00e9 \u00fadaje pr\u00edkon 8W EQ. pr\u00edkon 35W Nap\u00e4tie AC: 220-240 Frekvencia 50 \/ 60Hz Power Factor &gt; 0,9 Svetlo technick\u00e9 \u00fadaje farba Natural White farebn\u00e1 teplota 4500K sveteln\u00fd tok 430 lm Index podania farieb CRI &gt; 80 uhol vy\u017earovania 110 \u00b0 Korbov\u00e1 Materi\u00e1l hlin\u00edkov\u00fd odliatok tvar Kolo telo Colour biela typ Trimless schopnosti&hellip; <\/p>\n","protected":false},"featured_media":2762,"comment_status":"open","ping_status":"closed","template":"","meta":[],"product_brand":[],"product_cat":[14],"product_tag":[7],"class_list":{"0":"post-1966","1":"product","2":"type-product","3":"status-publish","4":"has-post-thumbnail","6":"product_cat-led-bodove-svetla","7":"product_tag-v-tac","8":"clearfix","10":"first","11":"instock","12":"featured","13":"purchasable","14":"product-type-simple"},"_links":{"self":[{"href":"https:\/\/v-tac.sk\/index.php?rest_route=\/wp\/v2\/product\/1966","targetHints":{"allow":["GET"]}}],"collection":[{"href":"https:\/\/v-tac.sk\/index.php?rest_route=\/wp\/v2\/product"}],"about":[{"href":"https:\/\/v-tac.sk\/index.php?rest_route=\/wp\/v2\/types\/product"}],"replies":[{"embeddable":true,"href":"https:\/\/v-tac.sk\/index.php?rest_route=%2Fwp%2Fv2%2Fcomments&post=1966"}],"wp:featuredmedia":[{"embeddable":true,"href":"https:\/\/v-tac.sk\/index.php?rest_route=\/wp\/v2\/media\/2762"}],"wp:attachment":[{"href":"https:\/\/v-tac.sk\/index.php?rest_route=%2Fwp%2Fv2%2Fmedia&parent=1966"}],"wp:term":[{"taxonomy":"product_brand","embeddable":true,"href":"https:\/\/v-tac.sk\/index.php?rest_route=%2Fwp%2Fv2%2Fproduct_brand&post=1966"},{"taxonomy":"product_cat","embeddable":true,"href":"https:\/\/v-tac.sk\/index.php?rest_route=%2Fwp%2Fv2%2Fproduct_cat&post=1966"},{"taxonomy":"product_tag","embeddable":true,"href":"https:\/\/v-tac.sk\/index.php?rest_route=%2Fwp%2Fv2%2Fproduct_tag&post=1966"}],"curies":[{"name":"wp","href":"https:\/\/api.w.org\/{rel}","templated":true}]}}