{"id":2210,"date":"2017-01-06T00:41:01","date_gmt":"2017-01-05T23:41:01","guid":{"rendered":"http:\/\/v-tac.sk\/?product=led-trubica-10w-t8-600-mm-matne-4500k-rotacia"},"modified":"2017-03-14T20:58:30","modified_gmt":"2017-03-14T19:58:30","slug":"led-trubica-10w-t8-600-mm-matne-4500k-rotacia","status":"publish","type":"product","link":"https:\/\/v-tac.sk\/?product=led-trubica-10w-t8-600-mm-matne-4500k-rotacia","title":{"rendered":"\u017diarovka line\u00e1rna LED 18W, G13 &#8211; T8, 3000K, 2300lm, 160\u00b0, 1200mm, VT-1277SMD (V-TAC) vc_6263"},"content":{"rendered":"<div class=\"basic001\">\n<div class=\"content\">\n<div id=\"sjm-d-71341\">\n<div class=\"ShopContent\">\n<div class=\"ShopProductView\">\n<div class=\"Product\">\n<div class=\"panes\">\n<div class=\"pane DetailDescription\">\n<h2><\/h2>\n<div id=\"productparams\">\n<table>\n<tbody>\n<tr class=\"odd\">\n<th>Typ zdroja<\/th>\n<td>LED<\/td>\n<\/tr>\n<tr>\n<th>Typ p\u00e4tice<\/th>\n<td>G13 &#8211; T8, T10, T12 line\u00e1rne<\/td>\n<\/tr>\n<tr class=\"odd\">\n<th>Farba svetla K<\/th>\n<td>Biela tepl\u00e1 1000-3900K<\/td>\n<\/tr>\n<tr>\n<th>Stmievate\u013en\u00e9<\/th>\n<td>nie<\/td>\n<\/tr>\n<tr class=\"odd\">\n<th>Nap\u00e4tie V vstup<\/th>\n<td>230V-250V<\/td>\n<\/tr>\n<tr>\n<th>Krytie IP<\/th>\n<td>IP20<\/td>\n<\/tr>\n<tr class=\"odd\">\n<th>W &#8211; VA<\/th>\n<td>18W<\/td>\n<\/tr>\n<\/tbody>\n<\/table>\n<\/div>\n<p class=\"smalldesc\">vc_6263<\/p>\n<p><strong>Nieje V\u00e1m jasn\u00e9 kde pou\u017ei\u0165 ak\u00fa p\u00e4ticu \u017eiarovky? \u010c\u00edtajte \u010dl\u00e1nok <a href=\"http:\/\/www.cbelektro.sk\/clanky\/category\/svetelne_zdroje\/article\/druhy_patic.xhtml\" target=\"_blank\">druhy p\u00e4t\u00edc a ich pou\u017eitie<\/a>.<\/strong><\/p>\n<p><strong>Zd\u00e1 sa V\u00e1m, \u017ee pri niektor\u00fdch sveteln\u00fdch zdrojoch vid\u00edte farby inak? \u010c\u00edtajte \u010dl\u00e1nok<\/strong><a href=\"http:\/\/www.cbelektro.sk\/clanky\/category\/svetelne_zdroje\/article\/co-je-index-podania-farieb-cri-.xhtml\" target=\"_blank\"> <strong>\u010do je index podania farieb CRI?<\/strong><\/a><\/p>\n<p><b>Zauj\u00edma V\u00e1s, ako si vybra\u0165 spr\u00e1vnu farbu svetla? \u010citajte \u010dl\u00e1nok\u00a0<\/b><a href=\"http:\/\/www.cbelektro.sk\/clanky\/category\/svetelne_zdroje\/article\/teplota-farby.xhtml\" target=\"_blank\"><strong>Teplota farby svetla<\/strong><\/a>.<\/p>\n<div class=\"clear\"><\/div>\n<\/div>\n<\/div>\n<div class=\"clear\"><\/div>\n<\/div>\n<\/div>\n<\/div>\n<\/div>\n<\/div>\n<\/div>\n<div class=\"base-modulebox\">\n<div class=\"base-modulebox-content\">\n<div id=\"sjm-d-86162\"><iframe loading=\"lazy\" src=\"https:\/\/www.youtube.com\/embed\/vTzAGgOhjLU\" width=\"560\" height=\"315\" frameborder=\"0\" allowfullscreen=\"allowfullscreen\"><\/iframe><\/div>\n<\/div>\n<\/div>\n","protected":false},"excerpt":{"rendered":"<p>Typ zdroja LED Typ p\u00e4tice G13 &#8211; T8, T10, T12 line\u00e1rne Farba svetla K Biela tepl\u00e1 1000-3900K Stmievate\u013en\u00e9 nie Nap\u00e4tie V vstup 230V-250V Krytie IP IP20 W &#8211; VA 18W vc_6263 Nieje V\u00e1m jasn\u00e9 kde pou\u017ei\u0165 ak\u00fa p\u00e4ticu \u017eiarovky? \u010c\u00edtajte \u010dl\u00e1nok druhy p\u00e4t\u00edc a ich pou\u017eitie. Zd\u00e1 sa V\u00e1m, \u017ee pri niektor\u00fdch sveteln\u00fdch zdrojoch vid\u00edte farby inak? \u010c\u00edtajte \u010dl\u00e1nok \u010do je index podania farieb CRI?&hellip; <\/p>\n","protected":false},"featured_media":2708,"comment_status":"open","ping_status":"closed","template":"","meta":[],"product_brand":[],"product_cat":[20],"product_tag":[7],"class_list":{"0":"post-2210","1":"product","2":"type-product","3":"status-publish","4":"has-post-thumbnail","6":"product_cat-led-trubica","7":"product_tag-v-tac","8":"clearfix","10":"first","11":"instock","12":"featured","13":"purchasable","14":"product-type-simple"},"_links":{"self":[{"href":"https:\/\/v-tac.sk\/index.php?rest_route=\/wp\/v2\/product\/2210","targetHints":{"allow":["GET"]}}],"collection":[{"href":"https:\/\/v-tac.sk\/index.php?rest_route=\/wp\/v2\/product"}],"about":[{"href":"https:\/\/v-tac.sk\/index.php?rest_route=\/wp\/v2\/types\/product"}],"replies":[{"embeddable":true,"href":"https:\/\/v-tac.sk\/index.php?rest_route=%2Fwp%2Fv2%2Fcomments&post=2210"}],"wp:featuredmedia":[{"embeddable":true,"href":"https:\/\/v-tac.sk\/index.php?rest_route=\/wp\/v2\/media\/2708"}],"wp:attachment":[{"href":"https:\/\/v-tac.sk\/index.php?rest_route=%2Fwp%2Fv2%2Fmedia&parent=2210"}],"wp:term":[{"taxonomy":"product_brand","embeddable":true,"href":"https:\/\/v-tac.sk\/index.php?rest_route=%2Fwp%2Fv2%2Fproduct_brand&post=2210"},{"taxonomy":"product_cat","embeddable":true,"href":"https:\/\/v-tac.sk\/index.php?rest_route=%2Fwp%2Fv2%2Fproduct_cat&post=2210"},{"taxonomy":"product_tag","embeddable":true,"href":"https:\/\/v-tac.sk\/index.php?rest_route=%2Fwp%2Fv2%2Fproduct_tag&post=2210"}],"curies":[{"name":"wp","href":"https:\/\/api.w.org\/{rel}","templated":true}]}}