{"id":2260,"date":"2017-01-06T00:41:14","date_gmt":"2017-01-05T23:41:14","guid":{"rendered":"http:\/\/v-tac.sk\/?product=54w-led-panel-600-x-600-mm-4500k-mean-well"},"modified":"2017-03-14T20:58:26","modified_gmt":"2017-03-14T19:58:26","slug":"54w-led-panel-600-x-600-mm-4500k-mean-well","status":"publish","type":"product","link":"https:\/\/v-tac.sk\/?product=54w-led-panel-600-x-600-mm-4500k-mean-well","title":{"rendered":"Svietidlo LED 29W, 4500K, 3600lm, 120\u00b0, biela, 600x600mm, 6ks, VT-6129 (V-TAC)"},"content":{"rendered":"<div><\/div>\n<div id=\"left\">\n<div class=\"mbh\">\n<div class=\"base-modulebox\">\n<div id=\"content\">\n<div class=\"basic001\">\n<div class=\"content\">\n<div id=\"sjm-d-71341\">\n<div class=\"ShopContent\">\n<div class=\"ShopProductView\">\n<div class=\"Product\">\n<div class=\"panes\">\n<div class=\"pane DetailDescription\">\n<h2>Svietidlo LED 29W, 4500K, 3600lm, 120\u00b0, biela, 600x600mm, 6ks, VT-6129 (V-TAC)<\/h2>\n<div id=\"productparams\">\n<table>\n<tbody>\n<tr class=\"odd\">\n<th>Typ zdroja<\/th>\n<td>LED<\/td>\n<\/tr>\n<tr>\n<th>Farba svetla K<\/th>\n<td>Biela denn\u00e1 3901-4900K<\/td>\n<\/tr>\n<tr class=\"odd\">\n<th>Stmievate\u013en\u00e9<\/th>\n<td>nie<\/td>\n<\/tr>\n<tr>\n<th>Nap\u00e4tie V vstup<\/th>\n<td>220-240V AC<\/td>\n<\/tr>\n<tr class=\"odd\">\n<th>Nap\u00e4tie typ<\/th>\n<td>AC<\/td>\n<\/tr>\n<tr>\n<th>Krytie IP<\/th>\n<td>IP20<\/td>\n<\/tr>\n<tr class=\"odd\">\n<th>W &#8211; VA<\/th>\n<td>29W<\/td>\n<\/tr>\n<\/tbody>\n<\/table>\n<\/div>\n<p>v\u00fdhody v\u00fdrobku<\/p>\n<p>Elegantn\u00fd ultra slim dizajn<br \/>\nVy\u0161\u0161ia miera priepustnosti svetla<br \/>\nOddoln\u00fd vonkaj\u0161\u00ed pl\u00e1\u0161\u0165<br \/>\nBez IR \u017eiarenia<br \/>\nJednoduch\u00e1 in\u0161tal\u00e1cia<br \/>\nBez obsahu olova a ortuti<br \/>\n\u0160etrn\u00e9 k \u017eivotn\u00e9mu prostrediu<br \/>\nU vybran\u00fdch modelov mo\u017enos\u0165 stmievania<br \/>\naplik\u00e1cia<\/p>\n<p>Kancel\u00e1rske osvetlenie<br \/>\nKonferen\u010dn\u00e9 s\u00e1ly<br \/>\nNemocnice<br \/>\nHotely<br \/>\nN\u00e1kupn\u00e9 centr\u00e1<br \/>\nShowroomy a lobby kab\u00edny at\u010f.<br \/>\nKuchy\u0148a a osvetlenie dom\u00e1cnosti<\/p>\n<div class=\"clear\"><\/div>\n<\/div>\n<\/div>\n<div class=\"clear\"><\/div>\n<\/div>\n<\/div>\n<\/div>\n<\/div>\n<\/div>\n<\/div>\n<div class=\"base-modulebox\">\n<div class=\"base-modulebox-content\">\n<div id=\"sjm-d-86162\"><iframe loading=\"lazy\" src=\"https:\/\/www.youtube.com\/embed\/vTzAGgOhjLU\" width=\"560\" height=\"315\" frameborder=\"0\" allowfullscreen=\"allowfullscreen\"><\/iframe><\/div>\n<\/div>\n<\/div>\n<\/div>\n<\/div>\n<\/div>\n<\/div>\n","protected":false},"excerpt":{"rendered":"<table>\n<tbody>\n<tr class=\"odd\">\n<th>Typ zdroja<\/th>\n<td>LED<\/td>\n<\/tr>\n<tr>\n<th>Farba svetla K<\/th>\n<td>Biela denn\u00e1 3901-4900K<\/td>\n<\/tr>\n<tr class=\"odd\">\n<th>Stmievate\u013en\u00e9<\/th>\n<td>nie<\/td>\n<\/tr>\n<tr>\n<th>Nap\u00e4tie V vstup<\/th>\n<td>220-240V AC<\/td>\n<\/tr>\n<tr class=\"odd\">\n<th>Nap\u00e4tie typ<\/th>\n<td>AC<\/td>\n<\/tr>\n<tr>\n<th>Krytie IP<\/th>\n<td>IP20<\/td>\n<\/tr>\n<tr class=\"odd\">\n<th>W &#8211; VA<\/th>\n<td>29W<\/td>\n<\/tr>\n<\/tbody>\n<\/table>\n","protected":false},"featured_media":2261,"comment_status":"open","ping_status":"closed","template":"","meta":[],"product_brand":[],"product_cat":[15],"product_tag":[7],"class_list":{"0":"post-2260","1":"product","2":"type-product","3":"status-publish","4":"has-post-thumbnail","6":"product_cat-led-panely","7":"product_tag-v-tac","8":"clearfix","10":"first","11":"instock","12":"featured","13":"purchasable","14":"product-type-simple"},"_links":{"self":[{"href":"https:\/\/v-tac.sk\/index.php?rest_route=\/wp\/v2\/product\/2260","targetHints":{"allow":["GET"]}}],"collection":[{"href":"https:\/\/v-tac.sk\/index.php?rest_route=\/wp\/v2\/product"}],"about":[{"href":"https:\/\/v-tac.sk\/index.php?rest_route=\/wp\/v2\/types\/product"}],"replies":[{"embeddable":true,"href":"https:\/\/v-tac.sk\/index.php?rest_route=%2Fwp%2Fv2%2Fcomments&post=2260"}],"wp:featuredmedia":[{"embeddable":true,"href":"https:\/\/v-tac.sk\/index.php?rest_route=\/wp\/v2\/media\/2261"}],"wp:attachment":[{"href":"https:\/\/v-tac.sk\/index.php?rest_route=%2Fwp%2Fv2%2Fmedia&parent=2260"}],"wp:term":[{"taxonomy":"product_brand","embeddable":true,"href":"https:\/\/v-tac.sk\/index.php?rest_route=%2Fwp%2Fv2%2Fproduct_brand&post=2260"},{"taxonomy":"product_cat","embeddable":true,"href":"https:\/\/v-tac.sk\/index.php?rest_route=%2Fwp%2Fv2%2Fproduct_cat&post=2260"},{"taxonomy":"product_tag","embeddable":true,"href":"https:\/\/v-tac.sk\/index.php?rest_route=%2Fwp%2Fv2%2Fproduct_tag&post=2260"}],"curies":[{"name":"wp","href":"https:\/\/api.w.org\/{rel}","templated":true}]}}